{"id":52631,"date":"2021-11-08T16:19:16","date_gmt":"2021-11-08T13:19:16","guid":{"rendered":"https:\/\/reginett.ee\/?post_type=product&#038;p=52631"},"modified":"2023-02-06T18:09:25","modified_gmt":"2023-02-06T15:09:25","slug":"kombikanister-husqvarna","status":"publish","type":"product","link":"https:\/\/reginett.ee\/ru\/toode\/kombikanister-husqvarna\/","title":{"rendered":"Kombikanister Husqvarna"},"content":{"rendered":"<p>Husqvarna uue disainiga kombikanister v\u00e4ldib paagi t\u00e4itmisel pritsmete tekkimise ja k\u00fctusekao. M\u00f5lema kanistri mahutavus on kohandatud tagamaks optimaalne k\u00fctuse ja keti\u00f5li suhe (5.0 \/ 2.5 L) Kombikanistril on t\u00f6\u00f6riistakinnitus sagedamini kasutatavate t\u00f6\u00f6riistade ja varuosade kinnitamiseks kanistri k\u00fclge . Heakskiidetud vastavalt UN sertifikaadile.<\/p>\n<div class=\"\">\n<div class=\"col-xs-12 \">\n<div class=\"row\">\n<ul class=\"list-unstyled col-xs-12 product-properties\">\n<li class=\"row\">\n<div class=\"col-xs-8 col-md-6 no-padding\">\n<div class=\"product-icon-holder\"><i class=\"c-icon hq-icon hq-icon-placeholder hq-icon-x1 \" title=\"\"><\/i> Bensiini kogus<\/div>\n<\/div>\n<div class=\"col-xs-4 col-md-6\"><strong> 5 l <\/strong><\/div>\n<\/li>\n<li class=\"row\">\n<div class=\"col-xs-8 col-md-6 no-padding\">\n<div class=\"product-icon-holder\"><i class=\"c-icon hq-icon hq-icon-placeholder hq-icon-x1 \" title=\"\"><\/i> \u00d5li kogus<\/div>\n<\/div>\n<div class=\"col-xs-4 col-md-6\"><strong> 2.5 l <\/strong><\/div>\n<\/li>\n<\/ul>\n<\/div>\n<\/div>\n<\/div>\n","protected":false},"excerpt":{"rendered":"<p>Husqvarna uue disainiga kombikanister v\u00e4ldib paagi t\u00e4itmisel pritsmete tekkimise ja k\u00fctusekao.<\/p>\n","protected":false},"featured_media":52762,"comment_status":"open","ping_status":"closed","template":"","meta":{"_acf_changed":false,"_et_pb_use_builder":"","_et_pb_old_content":"","_et_gb_content_width":"","inline_featured_image":false},"pwb-brand":[],"product_brand":[],"product_cat":[37,27],"product_tag":[164,165],"class_list":{"0":"post-52631","1":"product","2":"type-product","3":"status-publish","4":"has-post-thumbnail","6":"product_cat-husqvarna","7":"product_cat-tooriistad-ja-tarvikud","8":"product_tag-kanister","9":"product_tag-kombikanister","11":"first","12":"instock","13":"shipping-taxable","14":"purchasable","15":"product-type-simple"},"acf":[],"yoast_head":"<!-- This site is optimized with the Yoast SEO plugin v26.6 - https:\/\/yoast.com\/wordpress\/plugins\/seo\/ -->\n<title>Kombikanister Husqvarna. Husqvarna t\u00f6\u00f6riistad Reginetist.<\/title>\n<meta name=\"description\" content=\"Husqvarna uue disainiga kombikanister v\u00e4ldib paagi t\u00e4itmisel pritsmete tekkimise ja k\u00fctusekao. M\u00f5lema kanistri mahutavus on kohandatud.\" \/>\n<meta name=\"robots\" content=\"index, follow, max-snippet:-1, max-image-preview:large, max-video-preview:-1\" \/>\n<link rel=\"canonical\" href=\"https:\/\/reginett.ee\/toode\/kombikanister-husqvarna\/\" \/>\n<meta property=\"og:locale\" content=\"ru_RU\" \/>\n<meta property=\"og:type\" content=\"article\" \/>\n<meta property=\"og:title\" content=\"Kombikanister Husqvarna. Husqvarna t\u00f6\u00f6riistad Reginetist.\" \/>\n<meta property=\"og:description\" content=\"Husqvarna uue disainiga kombikanister v\u00e4ldib paagi t\u00e4itmisel pritsmete tekkimise ja k\u00fctusekao. M\u00f5lema kanistri mahutavus on kohandatud.\" \/>\n<meta property=\"og:url\" content=\"https:\/\/reginett.ee\/toode\/kombikanister-husqvarna\/\" \/>\n<meta property=\"og:site_name\" content=\"Reginett\" \/>\n<meta property=\"article:modified_time\" content=\"2023-02-06T15:09:25+00:00\" \/>\n<meta property=\"og:image\" content=\"https:\/\/reginett.ee\/wp-content\/uploads\/2020\/11\/Kombikanister-Husqvarna.jpg\" \/>\n\t<meta property=\"og:image:width\" content=\"680\" \/>\n\t<meta property=\"og:image:height\" content=\"372\" \/>\n\t<meta property=\"og:image:type\" content=\"image\/jpeg\" \/>\n<meta name=\"twitter:card\" content=\"summary_large_image\" \/>\n<script type=\"application\/ld+json\" class=\"yoast-schema-graph\">{\"@context\":\"https:\/\/schema.org\",\"@graph\":[{\"@type\":\"WebPage\",\"@id\":\"https:\/\/reginett.ee\/toode\/kombikanister-husqvarna\/\",\"url\":\"https:\/\/reginett.ee\/toode\/kombikanister-husqvarna\/\",\"name\":\"Kombikanister Husqvarna. Husqvarna t\u00f6\u00f6riistad Reginetist.\",\"isPartOf\":{\"@id\":\"https:\/\/reginett.ee\/#website\"},\"primaryImageOfPage\":{\"@id\":\"https:\/\/reginett.ee\/toode\/kombikanister-husqvarna\/#primaryimage\"},\"image\":{\"@id\":\"https:\/\/reginett.ee\/toode\/kombikanister-husqvarna\/#primaryimage\"},\"thumbnailUrl\":\"https:\/\/reginett.ee\/wp-content\/uploads\/2020\/11\/Kombikanister-Husqvarna.jpg\",\"datePublished\":\"2021-11-08T13:19:16+00:00\",\"dateModified\":\"2023-02-06T15:09:25+00:00\",\"description\":\"Husqvarna uue disainiga kombikanister v\u00e4ldib paagi t\u00e4itmisel pritsmete tekkimise ja k\u00fctusekao. M\u00f5lema kanistri mahutavus on kohandatud.\",\"breadcrumb\":{\"@id\":\"https:\/\/reginett.ee\/toode\/kombikanister-husqvarna\/#breadcrumb\"},\"inLanguage\":\"ru-RU\",\"potentialAction\":[{\"@type\":\"ReadAction\",\"target\":[\"https:\/\/reginett.ee\/toode\/kombikanister-husqvarna\/\"]}]},{\"@type\":\"ImageObject\",\"inLanguage\":\"ru-RU\",\"@id\":\"https:\/\/reginett.ee\/toode\/kombikanister-husqvarna\/#primaryimage\",\"url\":\"https:\/\/reginett.ee\/wp-content\/uploads\/2020\/11\/Kombikanister-Husqvarna.jpg\",\"contentUrl\":\"https:\/\/reginett.ee\/wp-content\/uploads\/2020\/11\/Kombikanister-Husqvarna.jpg\",\"width\":680,\"height\":372,\"caption\":\"Kombikanister Husqvarna\"},{\"@type\":\"BreadcrumbList\",\"@id\":\"https:\/\/reginett.ee\/toode\/kombikanister-husqvarna\/#breadcrumb\",\"itemListElement\":[{\"@type\":\"ListItem\",\"position\":1,\"name\":\"Home\",\"item\":\"https:\/\/reginett.ee\/ru\/\"},{\"@type\":\"ListItem\",\"position\":2,\"name\":\"Tooted\",\"item\":\"https:\/\/reginett.ee\/tooted\/\"},{\"@type\":\"ListItem\",\"position\":3,\"name\":\"Kombikanister Husqvarna\"}]},{\"@type\":\"WebSite\",\"@id\":\"https:\/\/reginett.ee\/#website\",\"url\":\"https:\/\/reginett.ee\/\",\"name\":\"Reginett\",\"description\":\"Parimad robotniidukid\",\"potentialAction\":[{\"@type\":\"SearchAction\",\"target\":{\"@type\":\"EntryPoint\",\"urlTemplate\":\"https:\/\/reginett.ee\/?s={search_term_string}\"},\"query-input\":{\"@type\":\"PropertyValueSpecification\",\"valueRequired\":true,\"valueName\":\"search_term_string\"}}],\"inLanguage\":\"ru-RU\"}]}<\/script>\n<!-- \/ Yoast SEO plugin. -->","yoast_head_json":{"title":"Kombikanister Husqvarna. Husqvarna t\u00f6\u00f6riistad Reginetist.","description":"Husqvarna uue disainiga kombikanister v\u00e4ldib paagi t\u00e4itmisel pritsmete tekkimise ja k\u00fctusekao. M\u00f5lema kanistri mahutavus on kohandatud.","robots":{"index":"index","follow":"follow","max-snippet":"max-snippet:-1","max-image-preview":"max-image-preview:large","max-video-preview":"max-video-preview:-1"},"canonical":"https:\/\/reginett.ee\/toode\/kombikanister-husqvarna\/","og_locale":"ru_RU","og_type":"article","og_title":"Kombikanister Husqvarna. Husqvarna t\u00f6\u00f6riistad Reginetist.","og_description":"Husqvarna uue disainiga kombikanister v\u00e4ldib paagi t\u00e4itmisel pritsmete tekkimise ja k\u00fctusekao. M\u00f5lema kanistri mahutavus on kohandatud.","og_url":"https:\/\/reginett.ee\/toode\/kombikanister-husqvarna\/","og_site_name":"Reginett","article_modified_time":"2023-02-06T15:09:25+00:00","og_image":[{"width":680,"height":372,"url":"https:\/\/reginett.ee\/wp-content\/uploads\/2020\/11\/Kombikanister-Husqvarna.jpg","type":"image\/jpeg"}],"twitter_card":"summary_large_image","schema":{"@context":"https:\/\/schema.org","@graph":[{"@type":"WebPage","@id":"https:\/\/reginett.ee\/toode\/kombikanister-husqvarna\/","url":"https:\/\/reginett.ee\/toode\/kombikanister-husqvarna\/","name":"Kombikanister Husqvarna. Husqvarna t\u00f6\u00f6riistad Reginetist.","isPartOf":{"@id":"https:\/\/reginett.ee\/#website"},"primaryImageOfPage":{"@id":"https:\/\/reginett.ee\/toode\/kombikanister-husqvarna\/#primaryimage"},"image":{"@id":"https:\/\/reginett.ee\/toode\/kombikanister-husqvarna\/#primaryimage"},"thumbnailUrl":"https:\/\/reginett.ee\/wp-content\/uploads\/2020\/11\/Kombikanister-Husqvarna.jpg","datePublished":"2021-11-08T13:19:16+00:00","dateModified":"2023-02-06T15:09:25+00:00","description":"Husqvarna uue disainiga kombikanister v\u00e4ldib paagi t\u00e4itmisel pritsmete tekkimise ja k\u00fctusekao. M\u00f5lema kanistri mahutavus on kohandatud.","breadcrumb":{"@id":"https:\/\/reginett.ee\/toode\/kombikanister-husqvarna\/#breadcrumb"},"inLanguage":"ru-RU","potentialAction":[{"@type":"ReadAction","target":["https:\/\/reginett.ee\/toode\/kombikanister-husqvarna\/"]}]},{"@type":"ImageObject","inLanguage":"ru-RU","@id":"https:\/\/reginett.ee\/toode\/kombikanister-husqvarna\/#primaryimage","url":"https:\/\/reginett.ee\/wp-content\/uploads\/2020\/11\/Kombikanister-Husqvarna.jpg","contentUrl":"https:\/\/reginett.ee\/wp-content\/uploads\/2020\/11\/Kombikanister-Husqvarna.jpg","width":680,"height":372,"caption":"Kombikanister Husqvarna"},{"@type":"BreadcrumbList","@id":"https:\/\/reginett.ee\/toode\/kombikanister-husqvarna\/#breadcrumb","itemListElement":[{"@type":"ListItem","position":1,"name":"Home","item":"https:\/\/reginett.ee\/ru\/"},{"@type":"ListItem","position":2,"name":"Tooted","item":"https:\/\/reginett.ee\/tooted\/"},{"@type":"ListItem","position":3,"name":"Kombikanister Husqvarna"}]},{"@type":"WebSite","@id":"https:\/\/reginett.ee\/#website","url":"https:\/\/reginett.ee\/","name":"Reginett","description":"Parimad robotniidukid","potentialAction":[{"@type":"SearchAction","target":{"@type":"EntryPoint","urlTemplate":"https:\/\/reginett.ee\/?s={search_term_string}"},"query-input":{"@type":"PropertyValueSpecification","valueRequired":true,"valueName":"search_term_string"}}],"inLanguage":"ru-RU"}]}},"brands":[],"_links":{"self":[{"href":"https:\/\/reginett.ee\/ru\/wp-json\/wp\/v2\/product\/52631","targetHints":{"allow":["GET"]}}],"collection":[{"href":"https:\/\/reginett.ee\/ru\/wp-json\/wp\/v2\/product"}],"about":[{"href":"https:\/\/reginett.ee\/ru\/wp-json\/wp\/v2\/types\/product"}],"replies":[{"embeddable":true,"href":"https:\/\/reginett.ee\/ru\/wp-json\/wp\/v2\/comments?post=52631"}],"wp:featuredmedia":[{"embeddable":true,"href":"https:\/\/reginett.ee\/ru\/wp-json\/wp\/v2\/media\/52762"}],"wp:attachment":[{"href":"https:\/\/reginett.ee\/ru\/wp-json\/wp\/v2\/media?parent=52631"}],"wp:term":[{"taxonomy":"pwb-brand","embeddable":true,"href":"https:\/\/reginett.ee\/ru\/wp-json\/wp\/v2\/pwb-brand?post=52631"},{"taxonomy":"product_brand","embeddable":true,"href":"https:\/\/reginett.ee\/ru\/wp-json\/wp\/v2\/product_brand?post=52631"},{"taxonomy":"product_cat","embeddable":true,"href":"https:\/\/reginett.ee\/ru\/wp-json\/wp\/v2\/product_cat?post=52631"},{"taxonomy":"product_tag","embeddable":true,"href":"https:\/\/reginett.ee\/ru\/wp-json\/wp\/v2\/product_tag?post=52631"}],"curies":[{"name":"wp","href":"https:\/\/api.w.org\/{rel}","templated":true}]}}

<p>Husqvarna uue disainiga kombikanister väldib paagi täitmisel pritsmete tekkimise ja kütusekao. Mõlema kanistri mahutavus on kohandatud tagamaks optimaalne kütuse ja ketiõli suhe (5.0 / 2.5 L) Kombikanistril on tööriistakinnitus sagedamini kasutatavate tööriistade ja varuosade kinnitamiseks kanistri külge . Heakskiidetud vastavalt UN sertifikaadile.</p>
<div class="">
<div class="col-xs-12 ">
<div class="row">
<ul class="list-unstyled col-xs-12 product-properties">
<li class="row">
<div class="col-xs-8 col-md-6 no-padding">
<div class="product-icon-holder"><i class="c-icon hq-icon hq-icon-placeholder hq-icon-x1 " title=""></i> Bensiini kogus</div>
</div>
<div class="col-xs-4 col-md-6"><strong> 5 l </strong></div>
</li>
<li class="row">
<div class="col-xs-8 col-md-6 no-padding">
<div class="product-icon-holder"><i class="c-icon hq-icon hq-icon-placeholder hq-icon-x1 " title=""></i> Õli kogus</div>
</div>
<div class="col-xs-4 col-md-6"><strong> 2.5 l </strong></div>
</li>
</ul>
</div>
</div>
</div>

<p>Husqvarna uue disainiga kombikanister väldib paagi täitmisel pritsmete tekkimise ja kütusekao.</p>

<!-- This site is optimized with the Yoast SEO plugin v26.6 - https://yoast.com/wordpress/plugins/seo/ -->
<title>Kombikanister Husqvarna. Husqvarna tööriistad Reginetist.</title>
<meta name="description" content="Husqvarna uue disainiga kombikanister väldib paagi täitmisel pritsmete tekkimise ja kütusekao. Mõlema kanistri mahutavus on kohandatud." />
<meta name="robots" content="index, follow, max-snippet:-1, max-image-preview:large, max-video-preview:-1" />
<link rel="canonical" href="https://reginett.ee/toode/kombikanister-husqvarna/" />
<meta property="og:locale" content="ru_RU" />
<meta property="og:type" content="article" />
<meta property="og:title" content="Kombikanister Husqvarna. Husqvarna tööriistad Reginetist." />
<meta property="og:description" content="Husqvarna uue disainiga kombikanister väldib paagi täitmisel pritsmete tekkimise ja kütusekao. Mõlema kanistri mahutavus on kohandatud." />
<meta property="og:url" content="https://reginett.ee/toode/kombikanister-husqvarna/" />
<meta property="og:site_name" content="Reginett" />
<meta property="article:modified_time" content="2023-02-06T15:09:25+00:00" />
<meta property="og:image" content="https://reginett.ee/wp-content/uploads/2020/11/Kombikanister-Husqvarna.jpg" />
	<meta property="og:image:width" content="680" />
	<meta property="og:image:height" content="372" />
	<meta property="og:image:type" content="image/jpeg" />
<meta name="twitter:card" content="summary_large_image" />
<script type="application/ld+json" class="yoast-schema-graph">{"@context":"https://schema.org","@graph":[{"@type":"WebPage","@id":"https://reginett.ee/toode/kombikanister-husqvarna/","url":"https://reginett.ee/toode/kombikanister-husqvarna/","name":"Kombikanister Husqvarna. Husqvarna tööriistad Reginetist.","isPartOf":{"@id":"https://reginett.ee/#website"},"primaryImageOfPage":{"@id":"https://reginett.ee/toode/kombikanister-husqvarna/#primaryimage"},"image":{"@id":"https://reginett.ee/toode/kombikanister-husqvarna/#primaryimage"},"thumbnailUrl":"https://reginett.ee/wp-content/uploads/2020/11/Kombikanister-Husqvarna.jpg","datePublished":"2021-11-08T13:19:16+00:00","dateModified":"2023-02-06T15:09:25+00:00","description":"Husqvarna uue disainiga kombikanister väldib paagi täitmisel pritsmete tekkimise ja kütusekao. Mõlema kanistri mahutavus on kohandatud.","breadcrumb":{"@id":"https://reginett.ee/toode/kombikanister-husqvarna/#breadcrumb"},"inLanguage":"ru-RU","potentialAction":[{"@type":"ReadAction","target":["https://reginett.ee/toode/kombikanister-husqvarna/"]}]},{"@type":"ImageObject","inLanguage":"ru-RU","@id":"https://reginett.ee/toode/kombikanister-husqvarna/#primaryimage","url":"https://reginett.ee/wp-content/uploads/2020/11/Kombikanister-Husqvarna.jpg","contentUrl":"https://reginett.ee/wp-content/uploads/2020/11/Kombikanister-Husqvarna.jpg","width":680,"height":372,"caption":"Kombikanister Husqvarna"},{"@type":"BreadcrumbList","@id":"https://reginett.ee/toode/kombikanister-husqvarna/#breadcrumb","itemListElement":[{"@type":"ListItem","position":1,"name":"Home","item":"https://reginett.ee/ru/"},{"@type":"ListItem","position":2,"name":"Tooted","item":"https://reginett.ee/tooted/"},{"@type":"ListItem","position":3,"name":"Kombikanister Husqvarna"}]},{"@type":"WebSite","@id":"https://reginett.ee/#website","url":"https://reginett.ee/","name":"Reginett","description":"Parimad robotniidukid","potentialAction":[{"@type":"SearchAction","target":{"@type":"EntryPoint","urlTemplate":"https://reginett.ee/?s={search_term_string}"},"query-input":{"@type":"PropertyValueSpecification","valueRequired":true,"valueName":"search_term_string"}}],"inLanguage":"ru-RU"}]}</script>
<!-- / Yoast SEO plugin. -->

Kombikanister Husqvarna. Husqvarna tööriistad Reginetist.

Husqvarna uue disainiga kombikanister väldib paagi täitmisel pritsmete tekkimise ja kütusekao. Mõlema kanistri mahutavus on kohandatud.
